{"id":54,"date":"2015-09-28T21:17:35","date_gmt":"2015-09-28T19:17:35","guid":{"rendered":"http:\/\/localhost:8888\/hundeschule\/?page_id=54"},"modified":"2021-01-31T10:50:50","modified_gmt":"2021-01-31T09:50:50","slug":"fortgeschrittene-bgh-2-u-3","status":"publish","type":"page","link":"https:\/\/hundeschule-fischlham.at\/?page_id=54","title":{"rendered":"Fortgeschrittene BGH 2"},"content":{"rendered":"<p align=\"left\">\n<p align=\"left\"><span style=\"color: #ffffff;\">1<\/span><\/p>\n<p align=\"left\"><strong><span style=\"text-decoration: underline;\">Begleithundekurs 2:<\/span><\/strong><\/p>\n<p align=\"left\">Der Begleithundekurs 2 ist die Fortsetzung nach dem erfolgreichen Abschluss des Begleithundekurses 1. Das bisher Gelernte wird nun bereits sehr exakt ausgef\u00fchrt. Der Begleithundekurs 2 ist somit eine gute Basis zum Sport- bzw. Turnierhund.<\/p>\n<p align=\"left\">Was wird gelernt?<\/p>\n<ul>\n<li>\n<div align=\"left\">Alle \u00dcbungen vom Begleithundekurs 1 in exakter Ausf\u00fchrung<\/div>\n<\/li>\n<li>\n<div align=\"left\">Apportieren auf ebener Erde<\/div>\n<\/li>\n<li>\n<div align=\"left\">Voransenden des Hundes<\/div>\n<\/li>\n<li>\n<div align=\"left\">Menschengruppe mit und ohne Leine<\/div>\n<\/li>\n<\/ul>\n","protected":false},"excerpt":{"rendered":"<p>1 Begleithundekurs 2: Der Begleithundekurs 2 ist die Fortsetzung nach dem erfolgreichen Abschluss des Begleithundekurses 1. Das bisher Gelernte wird nun bereits sehr exakt ausgef\u00fchrt. Der Begleithundekurs 2 ist somit eine gute Basis zum Sport- bzw. Turnierhund. Was wird gelernt? Alle \u00dcbungen vom Begleithundekurs 1 in exakter Ausf\u00fchrung Apportieren auf\u2026<\/p>\n<p> <a class=\"continue-reading-link\" href=\"https:\/\/hundeschule-fischlham.at\/?page_id=54\"><span>Continue reading<\/span><i class=\"crycon-right-dir\"><\/i><\/a> <\/p>\n","protected":false},"author":2,"featured_media":0,"parent":5,"menu_order":5,"comment_status":"closed","ping_status":"closed","template":"templates\/template-onecolumn.php","meta":{"footnotes":""},"class_list":["post-54","page","type-page","status-publish","hentry"],"jetpack_sharing_enabled":true,"_links":{"self":[{"href":"https:\/\/hundeschule-fischlham.at\/index.php?rest_route=\/wp\/v2\/pages\/54","targetHints":{"allow":["GET"]}}],"collection":[{"href":"https:\/\/hundeschule-fischlham.at\/index.php?rest_route=\/wp\/v2\/pages"}],"about":[{"href":"https:\/\/hundeschule-fischlham.at\/index.php?rest_route=\/wp\/v2\/types\/page"}],"author":[{"embeddable":true,"href":"https:\/\/hundeschule-fischlham.at\/index.php?rest_route=\/wp\/v2\/users\/2"}],"replies":[{"embeddable":true,"href":"https:\/\/hundeschule-fischlham.at\/index.php?rest_route=%2Fwp%2Fv2%2Fcomments&post=54"}],"version-history":[{"count":10,"href":"https:\/\/hundeschule-fischlham.at\/index.php?rest_route=\/wp\/v2\/pages\/54\/revisions"}],"predecessor-version":[{"id":1242,"href":"https:\/\/hundeschule-fischlham.at\/index.php?rest_route=\/wp\/v2\/pages\/54\/revisions\/1242"}],"up":[{"embeddable":true,"href":"https:\/\/hundeschule-fischlham.at\/index.php?rest_route=\/wp\/v2\/pages\/5"}],"wp:attachment":[{"href":"https:\/\/hundeschule-fischlham.at\/index.php?rest_route=%2Fwp%2Fv2%2Fmedia&parent=54"}],"curies":[{"name":"wp","href":"https:\/\/api.w.org\/{rel}","templated":true}]}}