{"id":51,"date":"2015-09-28T21:15:24","date_gmt":"2015-09-28T19:15:24","guid":{"rendered":"http:\/\/localhost:8888\/hundeschule\/?page_id=51"},"modified":"2021-01-31T10:50:35","modified_gmt":"2021-01-31T09:50:35","slug":"anfaenger-bh-bgh-1","status":"publish","type":"page","link":"https:\/\/hundeschule-fischlham.at\/?page_id=51","title":{"rendered":"BGH 1"},"content":{"rendered":"<div id=\"cnt266\" class=\"dCon\">\n<\/div>\n<div id=\"cnt370\" class=\"dCon\">\n<p align=\"left\"><strong><u>BGH 1:<\/u><\/strong><\/p>\n<p>Der Hund ist nun erwachsen und soll das alltagstaugliche Folgen erlernen. Unter Einsatz von Lob, Motivation und Konsequenz sollen nun die von ihm geforderten Kommandos korrekt ausgef\u00fchrt werden.<\/p>\n<p>Der Hund lernt in diesem Kurs alle \u00dcbungen f\u00fcr die Begleithunde-Pr\u00fcfung 1 (Leinenf\u00fchrigkeit, Freifolge, Absetzen aus der Bewegung, Ablegen aus der Bewegung mit Herankommen, Ablegen unter Ablenkung).<\/p>\n<p><em>Erst nach positivem Abschluss der BH-Pr\u00fcfung kann man zur BGH 1-Pr\u00fcfung antreten.<\/em><\/p>\n<\/div>\n","protected":false},"excerpt":{"rendered":"<p>BGH 1: Der Hund ist nun erwachsen und soll das alltagstaugliche Folgen erlernen. Unter Einsatz von Lob, Motivation und Konsequenz sollen nun die von ihm geforderten Kommandos korrekt ausgef\u00fchrt werden. Der Hund lernt in diesem Kurs alle \u00dcbungen f\u00fcr die Begleithunde-Pr\u00fcfung 1 (Leinenf\u00fchrigkeit, Freifolge, Absetzen aus der Bewegung, Ablegen aus\u2026<\/p>\n<p> <a class=\"continue-reading-link\" href=\"https:\/\/hundeschule-fischlham.at\/?page_id=51\"><span>Continue reading<\/span><i class=\"crycon-right-dir\"><\/i><\/a> <\/p>\n","protected":false},"author":2,"featured_media":0,"parent":5,"menu_order":4,"comment_status":"closed","ping_status":"closed","template":"templates\/template-onecolumn.php","meta":{"footnotes":""},"class_list":["post-51","page","type-page","status-publish","hentry"],"jetpack_sharing_enabled":true,"_links":{"self":[{"href":"https:\/\/hundeschule-fischlham.at\/index.php?rest_route=\/wp\/v2\/pages\/51","targetHints":{"allow":["GET"]}}],"collection":[{"href":"https:\/\/hundeschule-fischlham.at\/index.php?rest_route=\/wp\/v2\/pages"}],"about":[{"href":"https:\/\/hundeschule-fischlham.at\/index.php?rest_route=\/wp\/v2\/types\/page"}],"author":[{"embeddable":true,"href":"https:\/\/hundeschule-fischlham.at\/index.php?rest_route=\/wp\/v2\/users\/2"}],"replies":[{"embeddable":true,"href":"https:\/\/hundeschule-fischlham.at\/index.php?rest_route=%2Fwp%2Fv2%2Fcomments&post=51"}],"version-history":[{"count":10,"href":"https:\/\/hundeschule-fischlham.at\/index.php?rest_route=\/wp\/v2\/pages\/51\/revisions"}],"predecessor-version":[{"id":1241,"href":"https:\/\/hundeschule-fischlham.at\/index.php?rest_route=\/wp\/v2\/pages\/51\/revisions\/1241"}],"up":[{"embeddable":true,"href":"https:\/\/hundeschule-fischlham.at\/index.php?rest_route=\/wp\/v2\/pages\/5"}],"wp:attachment":[{"href":"https:\/\/hundeschule-fischlham.at\/index.php?rest_route=%2Fwp%2Fv2%2Fmedia&parent=51"}],"curies":[{"name":"wp","href":"https:\/\/api.w.org\/{rel}","templated":true}]}}