{"id":384,"date":"2017-03-20T16:31:23","date_gmt":"2017-03-20T15:31:23","guid":{"rendered":"http:\/\/hundeschule-fischlham.at\/?page_id=384"},"modified":"2021-01-31T10:50:21","modified_gmt":"2021-01-31T09:50:21","slug":"anfaenger-bh","status":"publish","type":"page","link":"https:\/\/hundeschule-fischlham.at\/?page_id=384","title":{"rendered":"Begleithunde (BH)"},"content":{"rendered":"<div class=\"n module-type-text diyfeLiveArea \">\n<p><span style=\"color: #ffffff;\">1<\/span><\/p>\n<p><strong>Begleithunde-Kurs (BH)<\/strong><\/p>\n<\/div>\n<div class=\"n module-type-text diyfeLiveArea \">\n<p>Auf dem Weg, einen f\u00fchrigen, verkehrssicheren, gut sozialisierten Familienhund zu erhalten, ist der Begleithundekurs die wichtigste Ausbildungsstufe. Ein gut ausgebildeter Hund kann seine Familie in jeder Alltagssituation begleiten und ist \u00fcberall gerne gesehen. Im Begleithundekurs wird zielgerichtet auf die Begleithundepr\u00fcfung hingearbeitet.<\/p>\n<p align=\"left\"><u>Was wird gelernt?<\/u><\/p>\n<ul>\n<li>\n<div align=\"left\">&#8222;Bei Fu\u00df&#8220; gehen mit und ohne Leine<\/div>\n<\/li>\n<li>\n<div align=\"left\">&#8222;Sitz&#8220;, &#8222;Platz&#8220; aus der Bewegung<\/div>\n<\/li>\n<li>\n<div align=\"left\">Hereinrufen mit Vorsitzen<\/div>\n<\/li>\n<li>\n<div align=\"left\">Ablegen und Verweilen des Hundes unter Ablenkung<\/div>\n<\/li>\n<li>\n<div align=\"left\">Menschengruppe mit Leine<\/div>\n<\/li>\n<\/ul>\n<\/div>\n<div class=\"n module-type-text diyfeLiveArea \">\n<p>Voraussetzung f\u00fcr die BH-Pr\u00fcfung ist der Allgemeine Sachkundenachweis und ein\u00a0Alter von 12 Monaten.<\/p>\n<\/div>\n","protected":false},"excerpt":{"rendered":"<p>1 Begleithunde-Kurs (BH) Auf dem Weg, einen f\u00fchrigen, verkehrssicheren, gut sozialisierten Familienhund zu erhalten, ist der Begleithundekurs die wichtigste Ausbildungsstufe. Ein gut ausgebildeter Hund kann seine Familie in jeder Alltagssituation begleiten und ist \u00fcberall gerne gesehen. Im Begleithundekurs wird zielgerichtet auf die Begleithundepr\u00fcfung hingearbeitet. Was wird gelernt? &#8222;Bei Fu\u00df&#8220; gehen\u2026<\/p>\n<p> <a class=\"continue-reading-link\" href=\"https:\/\/hundeschule-fischlham.at\/?page_id=384\"><span>Continue reading<\/span><i class=\"crycon-right-dir\"><\/i><\/a> <\/p>\n","protected":false},"author":2,"featured_media":0,"parent":5,"menu_order":3,"comment_status":"closed","ping_status":"closed","template":"templates\/template-onecolumn.php","meta":{"footnotes":""},"class_list":["post-384","page","type-page","status-publish","hentry"],"jetpack_sharing_enabled":true,"_links":{"self":[{"href":"https:\/\/hundeschule-fischlham.at\/index.php?rest_route=\/wp\/v2\/pages\/384","targetHints":{"allow":["GET"]}}],"collection":[{"href":"https:\/\/hundeschule-fischlham.at\/index.php?rest_route=\/wp\/v2\/pages"}],"about":[{"href":"https:\/\/hundeschule-fischlham.at\/index.php?rest_route=\/wp\/v2\/types\/page"}],"author":[{"embeddable":true,"href":"https:\/\/hundeschule-fischlham.at\/index.php?rest_route=\/wp\/v2\/users\/2"}],"replies":[{"embeddable":true,"href":"https:\/\/hundeschule-fischlham.at\/index.php?rest_route=%2Fwp%2Fv2%2Fcomments&post=384"}],"version-history":[{"count":10,"href":"https:\/\/hundeschule-fischlham.at\/index.php?rest_route=\/wp\/v2\/pages\/384\/revisions"}],"predecessor-version":[{"id":1240,"href":"https:\/\/hundeschule-fischlham.at\/index.php?rest_route=\/wp\/v2\/pages\/384\/revisions\/1240"}],"up":[{"embeddable":true,"href":"https:\/\/hundeschule-fischlham.at\/index.php?rest_route=\/wp\/v2\/pages\/5"}],"wp:attachment":[{"href":"https:\/\/hundeschule-fischlham.at\/index.php?rest_route=%2Fwp%2Fv2%2Fmedia&parent=384"}],"curies":[{"name":"wp","href":"https:\/\/api.w.org\/{rel}","templated":true}]}}