{"id":28,"date":"2015-09-28T18:56:49","date_gmt":"2015-09-28T16:56:49","guid":{"rendered":"http:\/\/localhost:8888\/hundeschule\/?page_id=28"},"modified":"2019-07-19T21:16:03","modified_gmt":"2019-07-19T19:16:03","slug":"tierarzt","status":"publish","type":"page","link":"https:\/\/hundeschule-fischlham.at\/?page_id=28","title":{"rendered":"Links und Partner"},"content":{"rendered":"<table style=\"width: 558px;\">\n<tbody>\n<tr>\n<td style=\"width: 327.359375px;\">Tierarzt<\/td>\n<td style=\"width: 216.65625px;\"><a href=\"http:\/\/www.kleintierpraxis-roitham.at\" target=\"_blank\" rel=\"noopener noreferrer\">http:\/\/www.kleintierpraxis-roitham.at<\/a><\/td>\n<td style=\"width: 150px;\"><a href=\"http:\/\/www.kleintierpraxis-roitham.at\" target=\"_blank\" rel=\"noopener noreferrer\"><img loading=\"lazy\" decoding=\"async\" class=\"aligncenter wp-image-1048\" src=\"https:\/\/hundeschule-fischlham.at\/wp-content\/uploads\/2019\/07\/KleintierpraxisRoitham_Roitham_logo.png\" alt=\"\" width=\"172\" height=\"55\" srcset=\"https:\/\/hundeschule-fischlham.at\/wp-content\/uploads\/2019\/07\/KleintierpraxisRoitham_Roitham_logo.png 313w, https:\/\/hundeschule-fischlham.at\/wp-content\/uploads\/2019\/07\/KleintierpraxisRoitham_Roitham_logo-300x96.png 300w, https:\/\/hundeschule-fischlham.at\/wp-content\/uploads\/2019\/07\/KleintierpraxisRoitham_Roitham_logo-150x48.png 150w\" sizes=\"auto, (max-width: 172px) 100vw, 172px\" \/><\/a><\/td>\n<\/tr>\n<tr>\n<td style=\"width: 327.359375px;\">\u00d6KV<\/td>\n<td style=\"width: 216.65625px;\"><a href=\"http:\/\/www.oekv.at\/\" target=\"_blank\" rel=\"noopener noreferrer\">http:\/\/www.oekv.at\/<\/a><\/td>\n<td style=\"width: 4px;\"><a href=\"http:\/\/www.oekv.at\/\" target=\"_blank\" rel=\"noopener noreferrer\"><img loading=\"lazy\" decoding=\"async\" class=\"aligncenter wp-image-1049\" src=\"https:\/\/hundeschule-fischlham.at\/wp-content\/uploads\/2019\/07\/OEKV-Logo.png\" alt=\"\" width=\"54\" height=\"49\" srcset=\"https:\/\/hundeschule-fischlham.at\/wp-content\/uploads\/2019\/07\/OEKV-Logo.png 397w, https:\/\/hundeschule-fischlham.at\/wp-content\/uploads\/2019\/07\/OEKV-Logo-300x270.png 300w, https:\/\/hundeschule-fischlham.at\/wp-content\/uploads\/2019\/07\/OEKV-Logo-150x135.png 150w\" sizes=\"auto, (max-width: 54px) 100vw, 54px\" \/><\/a><\/td>\n<\/tr>\n<tr>\n<td style=\"width: 327.359375px;\">\u00d6GV<\/td>\n<td style=\"width: 216.65625px;\"><a href=\"http:\/\/www.oegv.at\/\" target=\"_blank\" rel=\"noopener noreferrer\">http:\/\/www.oegv.at\/<\/a><\/td>\n<td style=\"width: 4px;\"><a href=\"http:\/\/www.oegv.at\/\" target=\"_blank\" rel=\"noopener noreferrer\"><img loading=\"lazy\" decoding=\"async\" class=\"aligncenter wp-image-248\" src=\"https:\/\/hundeschule-fischlham.at\/wp-content\/uploads\/2016\/04\/oegv_161_153.jpg\" alt=\"\" width=\"55\" height=\"52\" srcset=\"https:\/\/hundeschule-fischlham.at\/wp-content\/uploads\/2016\/04\/oegv_161_153.jpg 161w, https:\/\/hundeschule-fischlham.at\/wp-content\/uploads\/2016\/04\/oegv_161_153-158x150.jpg 158w, https:\/\/hundeschule-fischlham.at\/wp-content\/uploads\/2016\/04\/oegv_161_153-150x143.jpg 150w\" sizes=\"auto, (max-width: 55px) 100vw, 55px\" \/><\/a><\/td>\n<\/tr>\n<tr>\n<td style=\"width: 500px;\">Cornelia Platzer &#8211; Tierenergetik und Tierverhaltenstraining<\/td>\n<td style=\"width: 216.65625px;\"><a href=\"http:\/\/www.cornelia-platzer.at\/\">www.cornelia-platzer.at<\/a><\/td>\n<td style=\"width: 4px;\"><a href=\"http:\/\/www.cornelia-platzer.at\/\" target=\"_blank\" rel=\"noopener noreferrer\"><img loading=\"lazy\" decoding=\"async\" class=\"aligncenter wp-image-1045\" src=\"https:\/\/hundeschule-fischlham.at\/wp-content\/uploads\/2019\/07\/Cornelia_Platzer_Logo_FINAL.png\" alt=\"\" width=\"55\" height=\"55\" srcset=\"https:\/\/hundeschule-fischlham.at\/wp-content\/uploads\/2019\/07\/Cornelia_Platzer_Logo_FINAL.png 5000w, https:\/\/hundeschule-fischlham.at\/wp-content\/uploads\/2019\/07\/Cornelia_Platzer_Logo_FINAL-150x150.png 150w, https:\/\/hundeschule-fischlham.at\/wp-content\/uploads\/2019\/07\/Cornelia_Platzer_Logo_FINAL-300x300.png 300w, https:\/\/hundeschule-fischlham.at\/wp-content\/uploads\/2019\/07\/Cornelia_Platzer_Logo_FINAL-768x768.png 768w, https:\/\/hundeschule-fischlham.at\/wp-content\/uploads\/2019\/07\/Cornelia_Platzer_Logo_FINAL-1024x1024.png 1024w\" sizes=\"auto, (max-width: 55px) 100vw, 55px\" \/><\/a><\/td>\n<\/tr>\n<\/tbody>\n<\/table>\n<h1 class=\"\">\u00a0<\/h1>\n<div id=\"cc-m-1392088350\" class=\"n j-header \">\u00a0<\/div>\n<div id=\"cc-m-1392088950\" class=\"n j-text \">\n<p>\u00a0<\/p>\n<\/div>\n\n\n<h1 class=\"wp-block-heading\" id=\"cc-m-header-1392088350\">Haftungsausschluss<\/h1>\n\n\n\n<p>Wir m\u00f6chten ausdr\u00fccklich darauf hinweisen, dass f\u00fcr die auf&nbsp;<a href=\"http:\/\/www.hundeschule-fischlham.at\" target=\"_blank\" rel=\"noreferrer noopener\">www.hundeschule-fischlham.at<\/a> vorhandenen Links zu fremden Webseiten und deren Inhalte keine Haftung \u00fcbernommen wird! Diese Erkl\u00e4rung gilt f\u00fcr alle auf unserer Homepage angebrachten Links!<\/p>\n","protected":false},"excerpt":{"rendered":"<p>Tierarzt http:\/\/www.kleintierpraxis-roitham.at \u00d6KV http:\/\/www.oekv.at\/ \u00d6GV http:\/\/www.oegv.at\/ Cornelia Platzer &#8211; Tierenergetik und Tierverhaltenstraining www.cornelia-platzer.at \u00a0 \u00a0 \u00a0 Haftungsausschluss Wir m\u00f6chten ausdr\u00fccklich darauf hinweisen, dass f\u00fcr die auf&nbsp;www.hundeschule-fischlham.at vorhandenen Links zu fremden Webseiten und deren Inhalte keine Haftung \u00fcbernommen wird! Diese Erkl\u00e4rung gilt f\u00fcr alle auf unserer Homepage angebrachten Links!<\/p>\n<p> <a class=\"continue-reading-link\" href=\"https:\/\/hundeschule-fischlham.at\/?page_id=28\"><span>Continue reading<\/span><i class=\"crycon-right-dir\"><\/i><\/a> <\/p>\n","protected":false},"author":2,"featured_media":0,"parent":0,"menu_order":50,"comment_status":"closed","ping_status":"closed","template":"templates\/template-onecolumn.php","meta":{"footnotes":""},"class_list":["post-28","page","type-page","status-publish","hentry"],"jetpack_sharing_enabled":true,"_links":{"self":[{"href":"https:\/\/hundeschule-fischlham.at\/index.php?rest_route=\/wp\/v2\/pages\/28","targetHints":{"allow":["GET"]}}],"collection":[{"href":"https:\/\/hundeschule-fischlham.at\/index.php?rest_route=\/wp\/v2\/pages"}],"about":[{"href":"https:\/\/hundeschule-fischlham.at\/index.php?rest_route=\/wp\/v2\/types\/page"}],"author":[{"embeddable":true,"href":"https:\/\/hundeschule-fischlham.at\/index.php?rest_route=\/wp\/v2\/users\/2"}],"replies":[{"embeddable":true,"href":"https:\/\/hundeschule-fischlham.at\/index.php?rest_route=%2Fwp%2Fv2%2Fcomments&post=28"}],"version-history":[{"count":10,"href":"https:\/\/hundeschule-fischlham.at\/index.php?rest_route=\/wp\/v2\/pages\/28\/revisions"}],"predecessor-version":[{"id":1061,"href":"https:\/\/hundeschule-fischlham.at\/index.php?rest_route=\/wp\/v2\/pages\/28\/revisions\/1061"}],"wp:attachment":[{"href":"https:\/\/hundeschule-fischlham.at\/index.php?rest_route=%2Fwp%2Fv2%2Fmedia&parent=28"}],"curies":[{"name":"wp","href":"https:\/\/api.w.org\/{rel}","templated":true}]}}